{"id":1485,"date":"2025-03-20T22:27:36","date_gmt":"2025-03-20T22:27:36","guid":{"rendered":"https:\/\/hogarcentrovictorvargas.com\/?post_type=product&#038;p=1485"},"modified":"2025-03-20T23:28:20","modified_gmt":"2025-03-20T23:28:20","slug":"lavadora-aut-samsung-wa23c3554gv-23kg","status":"publish","type":"product","link":"https:\/\/hogarcentrovictorvargas.com\/?product=lavadora-aut-samsung-wa23c3554gv-23kg","title":{"rendered":"LAVADORA AUT SAMSUNG WA23C3554GV 23KG"},"content":{"rendered":"<h3 class=\"page-title\" style=\"text-align: left;\"><span class=\"base\" data-ui-id=\"page-title-wrapper\"><em>Lavadora Autom\u00e1tica Samsung carga Superior 23Kg<\/em> <\/span><\/h3>\n","protected":false},"excerpt":{"rendered":"<div id=\"description\" class=\"tab-pane fade js-product-tab-active active in\" role=\"tabpanel\" aria-expanded=\"true\">\n<div class=\"product-description\">\n<ul>\n<li>SmartThings: Controla la lavadora desde tu Smarphone<\/li>\n<li>Eco Bubble\u2122: Ahorra agua y energ\u00eda con burbujas de jab\u00f3n.<\/li>\n<li>DIT: Ahorro de energ\u00eda &amp; 20 a\u00f1os de garant\u00eda en el motor.<\/li>\n<li>Super Speed: Ahorra hasta un 40% el tiempo de lavado*.<\/li>\n<li>Deep Softener: Maximiza el efecto de suavizante.<\/li>\n<\/ul>\n<\/div>\n<\/div>\n","protected":false},"featured_media":1486,"comment_status":"open","ping_status":"closed","template":"","meta":[],"pwb-brand":[69],"class_list":{"0":"post-1485","1":"product","2":"type-product","3":"status-publish","4":"has-post-thumbnail","6":"pwb-brand-samsung","7":"product_cat-automaticas","8":"product_cat-lavadoras-secadoras","10":"first","11":"instock","12":"shipping-taxable","13":"product-type-simple"},"brands":[{"id":69,"name":"SAMSUNG","slug":"samsung"}],"_links":{"self":[{"href":"https:\/\/hogarcentrovictorvargas.com\/index.php?rest_route=\/wp\/v2\/product\/1485","targetHints":{"allow":["GET"]}}],"collection":[{"href":"https:\/\/hogarcentrovictorvargas.com\/index.php?rest_route=\/wp\/v2\/product"}],"about":[{"href":"https:\/\/hogarcentrovictorvargas.com\/index.php?rest_route=\/wp\/v2\/types\/product"}],"replies":[{"embeddable":true,"href":"https:\/\/hogarcentrovictorvargas.com\/index.php?rest_route=%2Fwp%2Fv2%2Fcomments&post=1485"}],"wp:featuredmedia":[{"embeddable":true,"href":"https:\/\/hogarcentrovictorvargas.com\/index.php?rest_route=\/wp\/v2\/media\/1486"}],"wp:attachment":[{"href":"https:\/\/hogarcentrovictorvargas.com\/index.php?rest_route=%2Fwp%2Fv2%2Fmedia&parent=1485"}],"wp:term":[{"taxonomy":"pwb-brand","embeddable":true,"href":"https:\/\/hogarcentrovictorvargas.com\/index.php?rest_route=%2Fwp%2Fv2%2Fpwb-brand&post=1485"}],"curies":[{"name":"wp","href":"https:\/\/api.w.org\/{rel}","templated":true}]}}