{"id":340,"date":"2020-05-04T03:02:15","date_gmt":"2020-05-04T03:02:15","guid":{"rendered":"https:\/\/hogarcentrovictorvargas.com\/?post_type=product&#038;p=340"},"modified":"2022-04-20T20:21:36","modified_gmt":"2022-04-20T20:21:36","slug":"secadora-whirpool-7mwgd1860em","status":"publish","type":"product","link":"https:\/\/hogarcentrovictorvargas.com\/?product=secadora-whirpool-7mwgd1860em","title":{"rendered":"SECADORA WHIRPOOL A GAS 20KG"},"content":{"rendered":"<div class=\"title\">Sistema de secado autom\u00e1tico Autodry<\/div>\n<div class=\"description\">Autom\u00e1ticamente apaga la secadora cuando la prenda est\u00e1 seca, ahorrando tiempo y energ\u00eda y garantizando la protecci\u00f3n de la tela.<\/div>\n","protected":false},"excerpt":{"rendered":"<p>Sistema de secado autom\u00e1tico Autodry Autom\u00e1ticamente apaga la secadora cuando la prenda est\u00e1 seca, ahorrando tiempo y energ\u00eda y garantizando la protecci\u00f3n de la tela.<\/p>\n","protected":false},"featured_media":889,"comment_status":"open","ping_status":"closed","template":"","meta":[],"pwb-brand":[47],"class_list":{"0":"post-340","1":"product","2":"type-product","3":"status-publish","4":"has-post-thumbnail","6":"pwb-brand-whirpool","7":"product_cat-linea-blanca","9":"first","10":"instock","11":"shipping-taxable","12":"purchasable","13":"product-type-simple"},"brands":[{"id":47,"name":"WHIRPOOL","slug":"whirpool"}],"_links":{"self":[{"href":"https:\/\/hogarcentrovictorvargas.com\/index.php?rest_route=\/wp\/v2\/product\/340","targetHints":{"allow":["GET"]}}],"collection":[{"href":"https:\/\/hogarcentrovictorvargas.com\/index.php?rest_route=\/wp\/v2\/product"}],"about":[{"href":"https:\/\/hogarcentrovictorvargas.com\/index.php?rest_route=\/wp\/v2\/types\/product"}],"replies":[{"embeddable":true,"href":"https:\/\/hogarcentrovictorvargas.com\/index.php?rest_route=%2Fwp%2Fv2%2Fcomments&post=340"}],"wp:featuredmedia":[{"embeddable":true,"href":"https:\/\/hogarcentrovictorvargas.com\/index.php?rest_route=\/wp\/v2\/media\/889"}],"wp:attachment":[{"href":"https:\/\/hogarcentrovictorvargas.com\/index.php?rest_route=%2Fwp%2Fv2%2Fmedia&parent=340"}],"wp:term":[{"taxonomy":"pwb-brand","embeddable":true,"href":"https:\/\/hogarcentrovictorvargas.com\/index.php?rest_route=%2Fwp%2Fv2%2Fpwb-brand&post=340"}],"curies":[{"name":"wp","href":"https:\/\/api.w.org\/{rel}","templated":true}]}}