{"id":376,"date":"2020-05-04T03:36:01","date_gmt":"2020-05-04T03:36:01","guid":{"rendered":"https:\/\/hogarcentrovictorvargas.com\/?post_type=product&#038;p=376"},"modified":"2022-04-20T17:25:36","modified_gmt":"2022-04-20T17:25:36","slug":"maquina-cortadora-de-cabello","status":"publish","type":"product","link":"https:\/\/hogarcentrovictorvargas.com\/?product=maquina-cortadora-de-cabello","title":{"rendered":"MAQUINA CORTADORA DE CABELLO"},"content":{"rendered":"<p>Con la\u00a0<strong>Wahl 1919<\/strong>\u00a0vas a poder realizar cortes perfectos gracias a la comodidad de poder utilizarla sin cable, permitiendo as\u00ed un manejo muy sencillo. Su carcasa met\u00e1lica la hace muy resistente y bonita.<\/p>\n<ul>\n<li>Motor DC de gran durabilidad.<\/li>\n<li>Trabaja con cable o bater\u00eda.<\/li>\n<li>Gran potencia, alta precisi\u00f3n con cuchillas profesionales.<\/li>\n<li>S\u00f3lo utilizando el pulgar se grad\u00faa el nivel o la textura del corte<\/li>\n<\/ul>\n","protected":false},"excerpt":{"rendered":"<p>Con la\u00a0Wahl 1919\u00a0vas a poder realizar cortes perfectos gracias a la comodidad de poder utilizarla sin cable, permitiendo as\u00ed un manejo muy sencillo. Su carcasa met\u00e1lica la hace muy resistente y bonita. Motor DC de gran durabilidad. Trabaja con cable o bater\u00eda. Gran potencia, alta precisi\u00f3n con cuchillas profesionales. S\u00f3lo utilizando el pulgar se grad\u00faa &hellip;<\/p>\n<p class=\"read-more\"> <a class=\"\" href=\"https:\/\/hogarcentrovictorvargas.com\/?product=maquina-cortadora-de-cabello\"> <span class=\"screen-reader-text\">MAQUINA CORTADORA DE CABELLO<\/span> Leer m\u00e1s &raquo;<\/a><\/p>\n","protected":false},"featured_media":933,"comment_status":"open","ping_status":"closed","template":"","meta":[],"pwb-brand":[48],"class_list":{"0":"post-376","1":"product","2":"type-product","3":"status-publish","4":"has-post-thumbnail","6":"pwb-brand-wahl","7":"product_cat-cuidado-personal","9":"first","10":"instock","11":"shipping-taxable","12":"product-type-simple"},"brands":[{"id":48,"name":"WAHL","slug":"wahl"}],"_links":{"self":[{"href":"https:\/\/hogarcentrovictorvargas.com\/index.php?rest_route=\/wp\/v2\/product\/376","targetHints":{"allow":["GET"]}}],"collection":[{"href":"https:\/\/hogarcentrovictorvargas.com\/index.php?rest_route=\/wp\/v2\/product"}],"about":[{"href":"https:\/\/hogarcentrovictorvargas.com\/index.php?rest_route=\/wp\/v2\/types\/product"}],"replies":[{"embeddable":true,"href":"https:\/\/hogarcentrovictorvargas.com\/index.php?rest_route=%2Fwp%2Fv2%2Fcomments&post=376"}],"wp:featuredmedia":[{"embeddable":true,"href":"https:\/\/hogarcentrovictorvargas.com\/index.php?rest_route=\/wp\/v2\/media\/933"}],"wp:attachment":[{"href":"https:\/\/hogarcentrovictorvargas.com\/index.php?rest_route=%2Fwp%2Fv2%2Fmedia&parent=376"}],"wp:term":[{"taxonomy":"pwb-brand","embeddable":true,"href":"https:\/\/hogarcentrovictorvargas.com\/index.php?rest_route=%2Fwp%2Fv2%2Fpwb-brand&post=376"}],"curies":[{"name":"wp","href":"https:\/\/api.w.org\/{rel}","templated":true}]}}