{"id":407,"date":"2020-05-04T21:32:36","date_gmt":"2020-05-04T21:32:36","guid":{"rendered":"https:\/\/hogarcentrovictorvargas.com\/?post_type=product&#038;p=407"},"modified":"2022-04-19T17:11:28","modified_gmt":"2022-04-19T17:11:28","slug":"arrocera-black-and-decker-drc860","status":"publish","type":"product","link":"https:\/\/hogarcentrovictorvargas.com\/?product=arrocera-black-and-decker-drc860","title":{"rendered":"ARROCERA BLACK AND DECKER DRC860"},"content":{"rendered":"<div class=\"col-xs-12\">\n<div class=\"row\">\n<div class=\"wrap\">\n<ul>\n<li class=\"col-xs-12 col-sm-6\">\n<div>La Arrocera de 24 Tazas de BLACK+DECKER facilita crear arroz y m\u00e1s para cenas de familia y reuniones. La olla de cocci\u00f3n antiadherente removible cuenta con una capacidad grande para arroz y granos, sopas y guisos o hasta para avena y pasta. Adem\u00e1s, la olla de cocci\u00f3n, tapa de vidrio templado y los accesorios incluidos son todos aptos para lavavajillas para una limpieza f\u00e1cil.<\/div>\n<\/li>\n<\/ul>\n<\/div>\n<\/div>\n<\/div>\n<div class=\"col-xs-12\">\n<div class=\"row\">\n<div class=\"wrap\">\n<div class=\"col-xs-12\">\n<div class=\"row\">\n<div class=\"col-xs-12 col-sm-7\">\n<ul>\n<li>Capacidad 24 tazas<\/li>\n<li>Recipiente antiadherente removible<\/li>\n<li>Luces indicadoras de los ciclos<\/li>\n<li>Funci\u00f3n de mantener caliente los alimentos<\/li>\n<li>Funci\u00f3n de mantener caliente los alimentos<\/li>\n<li>Tapa de vidrio templado<\/li>\n<li>Taza medidora y cuchara para servir<\/li>\n<li>Cable separable<\/li>\n<li>Exterior de acero inoxidable<\/li>\n<\/ul>\n<\/div>\n<div class=\"col-xs-12 col-sm-5\">\n<h4 class=\"attr-header\">Especificaciones<\/h4>\n<dl class=\"side-by-side\">\n<dt class=\"attr-key\">Accesorios<\/dt>\n<dd class=\"attr-val\">S\u00ed<\/dd>\n<dt class=\"attr-key\">Color<\/dt>\n<dd class=\"attr-val\">Plata<\/dd>\n<dt class=\"attr-key\">Garantia<\/dt>\n<dd class=\"attr-val\">2 A\u00f1os<\/dd>\n<dt class=\"attr-key\">Material<\/dt>\n<dd class=\"attr-val\">Acero Inoxidable<\/dd>\n<dt class=\"attr-key\">Indicador de Luz<\/dt>\n<dd class=\"attr-val\">S\u00ed<\/dd>\n<\/dl>\n<\/div>\n<\/div>\n<\/div>\n<\/div>\n<\/div>\n<\/div>\n","protected":false},"excerpt":{"rendered":"<p>La Arrocera de 24 Tazas de BLACK+DECKER facilita crear arroz y m\u00e1s para cenas de familia y reuniones. La olla de cocci\u00f3n antiadherente removible cuenta con una capacidad grande para arroz y granos, sopas y guisos o hasta para avena y pasta. Adem\u00e1s, la olla de cocci\u00f3n, tapa de vidrio templado y los accesorios incluidos &hellip;<\/p>\n<p class=\"read-more\"> <a class=\"\" href=\"https:\/\/hogarcentrovictorvargas.com\/?product=arrocera-black-and-decker-drc860\"> <span class=\"screen-reader-text\">ARROCERA BLACK AND DECKER DRC860<\/span> Leer m\u00e1s &raquo;<\/a><\/p>\n","protected":false},"featured_media":737,"comment_status":"open","ping_status":"closed","template":"","meta":[],"pwb-brand":[38],"class_list":{"0":"post-407","1":"product","2":"type-product","3":"status-publish","4":"has-post-thumbnail","6":"pwb-brand-black-and-decker","7":"product_cat-electrodomesticos","9":"first","10":"instock","11":"shipping-taxable","12":"product-type-simple"},"brands":[{"id":38,"name":"BLACK AND DECKER","slug":"black-and-decker"}],"_links":{"self":[{"href":"https:\/\/hogarcentrovictorvargas.com\/index.php?rest_route=\/wp\/v2\/product\/407","targetHints":{"allow":["GET"]}}],"collection":[{"href":"https:\/\/hogarcentrovictorvargas.com\/index.php?rest_route=\/wp\/v2\/product"}],"about":[{"href":"https:\/\/hogarcentrovictorvargas.com\/index.php?rest_route=\/wp\/v2\/types\/product"}],"replies":[{"embeddable":true,"href":"https:\/\/hogarcentrovictorvargas.com\/index.php?rest_route=%2Fwp%2Fv2%2Fcomments&post=407"}],"wp:featuredmedia":[{"embeddable":true,"href":"https:\/\/hogarcentrovictorvargas.com\/index.php?rest_route=\/wp\/v2\/media\/737"}],"wp:attachment":[{"href":"https:\/\/hogarcentrovictorvargas.com\/index.php?rest_route=%2Fwp%2Fv2%2Fmedia&parent=407"}],"wp:term":[{"taxonomy":"pwb-brand","embeddable":true,"href":"https:\/\/hogarcentrovictorvargas.com\/index.php?rest_route=%2Fwp%2Fv2%2Fpwb-brand&post=407"}],"curies":[{"name":"wp","href":"https:\/\/api.w.org\/{rel}","templated":true}]}}