{"id":463,"date":"2020-05-05T03:09:10","date_gmt":"2020-05-05T03:09:10","guid":{"rendered":"https:\/\/hogarcentrovictorvargas.com\/?post_type=product&#038;p=463"},"modified":"2022-04-20T18:49:35","modified_gmt":"2022-04-20T18:49:35","slug":"olla-arrocera-premium-prc-2737","status":"publish","type":"product","link":"https:\/\/hogarcentrovictorvargas.com\/?product=olla-arrocera-premium-prc-2737","title":{"rendered":"OLLA ARROCERA PREMIUM PRC 2737"},"content":{"rendered":"<p>Caracteristicas<\/p>\n<ul>\n<li>Capacidad de 15 tazas de arroz sin cocinar\/ 30 tazas de arroz cocido.<\/li>\n<li>Potencia: 700 Vatios. Mantiene el arroz caliente.<\/li>\n<li>Tapa de vidrio templado.<\/li>\n<li>Asas fr\u00edas al tacto.<\/li>\n<li>Esp\u00e1tula y taza medidora incluidas.<\/li>\n<li>F\u00e1cil de Limpiar.<\/li>\n<\/ul>\n","protected":false},"excerpt":{"rendered":"<p>Caracteristicas Capacidad de 15 tazas de arroz sin cocinar\/ 30 tazas de arroz cocido. Potencia: 700 Vatios. Mantiene el arroz caliente. Tapa de vidrio templado. Asas fr\u00edas al tacto. Esp\u00e1tula y taza medidora incluidas. F\u00e1cil de Limpiar.<\/p>\n","protected":false},"featured_media":725,"comment_status":"open","ping_status":"closed","template":"","meta":[],"pwb-brand":[30],"class_list":{"0":"post-463","1":"product","2":"type-product","3":"status-publish","4":"has-post-thumbnail","6":"pwb-brand-premium","7":"product_cat-electrodomesticos","9":"first","10":"instock","11":"shipping-taxable","12":"product-type-simple"},"brands":[{"id":30,"name":"Premium","slug":"premium"}],"_links":{"self":[{"href":"https:\/\/hogarcentrovictorvargas.com\/index.php?rest_route=\/wp\/v2\/product\/463","targetHints":{"allow":["GET"]}}],"collection":[{"href":"https:\/\/hogarcentrovictorvargas.com\/index.php?rest_route=\/wp\/v2\/product"}],"about":[{"href":"https:\/\/hogarcentrovictorvargas.com\/index.php?rest_route=\/wp\/v2\/types\/product"}],"replies":[{"embeddable":true,"href":"https:\/\/hogarcentrovictorvargas.com\/index.php?rest_route=%2Fwp%2Fv2%2Fcomments&post=463"}],"wp:featuredmedia":[{"embeddable":true,"href":"https:\/\/hogarcentrovictorvargas.com\/index.php?rest_route=\/wp\/v2\/media\/725"}],"wp:attachment":[{"href":"https:\/\/hogarcentrovictorvargas.com\/index.php?rest_route=%2Fwp%2Fv2%2Fmedia&parent=463"}],"wp:term":[{"taxonomy":"pwb-brand","embeddable":true,"href":"https:\/\/hogarcentrovictorvargas.com\/index.php?rest_route=%2Fwp%2Fv2%2Fpwb-brand&post=463"}],"curies":[{"name":"wp","href":"https:\/\/api.w.org\/{rel}","templated":true}]}}