{"id":547,"date":"2020-05-07T02:43:24","date_gmt":"2020-05-07T02:43:24","guid":{"rendered":"https:\/\/hogarcentrovictorvargas.com\/?post_type=product&#038;p=547"},"modified":"2022-04-19T20:15:27","modified_gmt":"2022-04-19T20:15:27","slug":"horno-tostador-telstar-tht050210de","status":"publish","type":"product","link":"https:\/\/hogarcentrovictorvargas.com\/?product=horno-tostador-telstar-tht050210de","title":{"rendered":"HORNO TOSTADOR  TELSTAR THT050210DE"},"content":{"rendered":"<h5>Caracter\u00edsticas:<\/h5>\n<ul>\n<li>Luz interna.<\/li>\n<li>Rostizador.<\/li>\n<li>Cron\u00f3metro de 60 minutos.<\/li>\n<li>4 posiciones de bandejas.<\/li>\n<li>Apagado autom\u00e1tico.<\/li>\n<li>Bandeja corrediza de residuos<\/li>\n<li>Temporizador con campana.<\/li>\n<li>4 etapas de cocci\u00f3n.<\/li>\n<\/ul>\n","protected":false},"excerpt":{"rendered":"<p>Caracter\u00edsticas: Luz interna. Rostizador. Cron\u00f3metro de 60 minutos. 4 posiciones de bandejas. Apagado autom\u00e1tico. Bandeja corrediza de residuos Temporizador con campana. 4 etapas de cocci\u00f3n.<\/p>\n","protected":false},"featured_media":710,"comment_status":"open","ping_status":"closed","template":"","meta":[],"pwb-brand":[26],"class_list":{"0":"post-547","1":"product","2":"type-product","3":"status-publish","4":"has-post-thumbnail","6":"pwb-brand-telstar","7":"product_cat-electrodomesticos","9":"first","10":"instock","11":"shipping-taxable","12":"product-type-simple"},"brands":[{"id":26,"name":"TELSTAR","slug":"telstar"}],"_links":{"self":[{"href":"https:\/\/hogarcentrovictorvargas.com\/index.php?rest_route=\/wp\/v2\/product\/547","targetHints":{"allow":["GET"]}}],"collection":[{"href":"https:\/\/hogarcentrovictorvargas.com\/index.php?rest_route=\/wp\/v2\/product"}],"about":[{"href":"https:\/\/hogarcentrovictorvargas.com\/index.php?rest_route=\/wp\/v2\/types\/product"}],"replies":[{"embeddable":true,"href":"https:\/\/hogarcentrovictorvargas.com\/index.php?rest_route=%2Fwp%2Fv2%2Fcomments&post=547"}],"wp:featuredmedia":[{"embeddable":true,"href":"https:\/\/hogarcentrovictorvargas.com\/index.php?rest_route=\/wp\/v2\/media\/710"}],"wp:attachment":[{"href":"https:\/\/hogarcentrovictorvargas.com\/index.php?rest_route=%2Fwp%2Fv2%2Fmedia&parent=547"}],"wp:term":[{"taxonomy":"pwb-brand","embeddable":true,"href":"https:\/\/hogarcentrovictorvargas.com\/index.php?rest_route=%2Fwp%2Fv2%2Fpwb-brand&post=547"}],"curies":[{"name":"wp","href":"https:\/\/api.w.org\/{rel}","templated":true}]}}