{"id":645,"date":"2020-05-09T13:29:11","date_gmt":"2020-05-09T13:29:11","guid":{"rendered":"https:\/\/hogarcentrovictorvargas.com\/?post_type=product&#038;p=645"},"modified":"2022-04-19T19:15:57","modified_gmt":"2022-04-19T19:15:57","slug":"coffee-maker-black-and-decker-cm2035b","status":"publish","type":"product","link":"https:\/\/hogarcentrovictorvargas.com\/?product=coffee-maker-black-and-decker-cm2035b","title":{"rendered":"COFFEE MAKER BLACK AND DECKER  CM2035B"},"content":{"rendered":"<p>Obtenga su dosis durante todo el d\u00eda con la cafetera t\u00e9rmica Black &amp; Decker de 12 tazas *. La jarra t\u00e9rmica de acero inoxidable est\u00e1 sellada al vac\u00edo para garantizar que su caf\u00e9 se mantenga caliente y se pueda beber durante horas, y la salida Perfect Pour elimina los derrames y las gotas.<\/p>\n","protected":false},"excerpt":{"rendered":"<p>Obtenga su dosis durante todo el d\u00eda con la cafetera t\u00e9rmica Black &amp; Decker de 12 tazas *. La jarra t\u00e9rmica de acero inoxidable est\u00e1 sellada al vac\u00edo para garantizar que su caf\u00e9 se mantenga caliente y se pueda beber durante horas, y la salida Perfect Pour elimina los derrames y las gotas.<\/p>\n","protected":false},"featured_media":919,"comment_status":"open","ping_status":"closed","template":"","meta":[],"pwb-brand":[38],"class_list":{"0":"post-645","1":"product","2":"type-product","3":"status-publish","4":"has-post-thumbnail","6":"pwb-brand-black-and-decker","7":"product_cat-electrodomesticos","9":"first","10":"instock","11":"shipping-taxable","12":"product-type-simple"},"brands":[{"id":38,"name":"BLACK AND DECKER","slug":"black-and-decker"}],"_links":{"self":[{"href":"https:\/\/hogarcentrovictorvargas.com\/index.php?rest_route=\/wp\/v2\/product\/645","targetHints":{"allow":["GET"]}}],"collection":[{"href":"https:\/\/hogarcentrovictorvargas.com\/index.php?rest_route=\/wp\/v2\/product"}],"about":[{"href":"https:\/\/hogarcentrovictorvargas.com\/index.php?rest_route=\/wp\/v2\/types\/product"}],"replies":[{"embeddable":true,"href":"https:\/\/hogarcentrovictorvargas.com\/index.php?rest_route=%2Fwp%2Fv2%2Fcomments&post=645"}],"wp:featuredmedia":[{"embeddable":true,"href":"https:\/\/hogarcentrovictorvargas.com\/index.php?rest_route=\/wp\/v2\/media\/919"}],"wp:attachment":[{"href":"https:\/\/hogarcentrovictorvargas.com\/index.php?rest_route=%2Fwp%2Fv2%2Fmedia&parent=645"}],"wp:term":[{"taxonomy":"pwb-brand","embeddable":true,"href":"https:\/\/hogarcentrovictorvargas.com\/index.php?rest_route=%2Fwp%2Fv2%2Fpwb-brand&post=645"}],"curies":[{"name":"wp","href":"https:\/\/api.w.org\/{rel}","templated":true}]}}