{"id":849,"date":"2020-05-29T17:07:53","date_gmt":"2020-05-29T17:07:53","guid":{"rendered":"https:\/\/hogarcentrovictorvargas.com\/?post_type=product&#038;p=849"},"modified":"2022-04-19T20:01:53","modified_gmt":"2022-04-19T20:01:53","slug":"freidor-de-aire-hamilton-beach-35050","status":"publish","type":"product","link":"https:\/\/hogarcentrovictorvargas.com\/?product=freidor-de-aire-hamilton-beach-35050","title":{"rendered":"FREIDOR DE AIRE HAMILTON BEACH 35050"},"content":{"rendered":"<ul>\n<li>Logre una textura frita crujiente cuando cocine una variedad de alimentos, desde papas fritas hasta bistec<\/li>\n<li>La freidora el\u00e9ctrica es r\u00e1pida y f\u00e1cil de usar, sin necesidad de precalentar<\/li>\n<li>Seleccione un ajuste preprogramado o un tiempo y temperatura de hasta 400 grados<\/li>\n<li>6 configuraciones preprogramadas, un toque es todo lo necesario para cocinar papas fritas, pollo, mariscos, carnes, productos horneados y verduras<\/li>\n<li>La canasta para alimentos antiadherente es removible para lavarse a mano f\u00e1cilmente<\/li>\n<li>La cesta grande de la freidora de aire tiene capacidad para 2.5 L<\/li>\n<li>Canasta de alimentos con revestimiento antiadherente<\/li>\n<li>Temperatura hasta 400 grados con el panel t\u00e1ctil digital<\/li>\n<\/ul>\n","protected":false},"excerpt":{"rendered":"<p>Logre una textura frita crujiente cuando cocine una variedad de alimentos, desde papas fritas hasta bistec La freidora el\u00e9ctrica es r\u00e1pida y f\u00e1cil de usar, sin necesidad de precalentar Seleccione un ajuste preprogramado o un tiempo y temperatura de hasta 400 grados 6 configuraciones preprogramadas, un toque es todo lo necesario para cocinar papas fritas, &hellip;<\/p>\n<p class=\"read-more\"> <a class=\"\" href=\"https:\/\/hogarcentrovictorvargas.com\/?product=freidor-de-aire-hamilton-beach-35050\"> <span class=\"screen-reader-text\">FREIDOR DE AIRE HAMILTON BEACH 35050<\/span> Leer m\u00e1s &raquo;<\/a><\/p>\n","protected":false},"featured_media":850,"comment_status":"open","ping_status":"closed","template":"","meta":[],"pwb-brand":[41],"class_list":{"0":"post-849","1":"product","2":"type-product","3":"status-publish","4":"has-post-thumbnail","6":"pwb-brand-hamilton-beach","7":"product_cat-electrodomesticos","9":"first","10":"instock","11":"shipping-taxable","12":"product-type-simple"},"brands":[{"id":41,"name":"HAMILTON BEACH","slug":"hamilton-beach"}],"_links":{"self":[{"href":"https:\/\/hogarcentrovictorvargas.com\/index.php?rest_route=\/wp\/v2\/product\/849","targetHints":{"allow":["GET"]}}],"collection":[{"href":"https:\/\/hogarcentrovictorvargas.com\/index.php?rest_route=\/wp\/v2\/product"}],"about":[{"href":"https:\/\/hogarcentrovictorvargas.com\/index.php?rest_route=\/wp\/v2\/types\/product"}],"replies":[{"embeddable":true,"href":"https:\/\/hogarcentrovictorvargas.com\/index.php?rest_route=%2Fwp%2Fv2%2Fcomments&post=849"}],"wp:featuredmedia":[{"embeddable":true,"href":"https:\/\/hogarcentrovictorvargas.com\/index.php?rest_route=\/wp\/v2\/media\/850"}],"wp:attachment":[{"href":"https:\/\/hogarcentrovictorvargas.com\/index.php?rest_route=%2Fwp%2Fv2%2Fmedia&parent=849"}],"wp:term":[{"taxonomy":"pwb-brand","embeddable":true,"href":"https:\/\/hogarcentrovictorvargas.com\/index.php?rest_route=%2Fwp%2Fv2%2Fpwb-brand&post=849"}],"curies":[{"name":"wp","href":"https:\/\/api.w.org\/{rel}","templated":true}]}}